{"id":254,"date":"2024-12-15T21:27:30","date_gmt":"2024-12-15T21:27:30","guid":{"rendered":"http:\/\/pureherbcbd.com\/?page_id=254"},"modified":"2025-09-06T15:40:33","modified_gmt":"2025-09-06T15:40:33","slug":"accessoires","status":"publish","type":"page","link":"https:\/\/pureherbcbd.com\/?page_id=254","title":{"rendered":"Accessoires I PureHerb CBD"},"content":{"rendered":"\t\t<div data-elementor-type=\"wp-page\" data-elementor-id=\"254\" class=\"elementor elementor-254\">\n\t\t\t\t<div class=\"elementor-element elementor-element-dfb5507 e-flex e-con-boxed e-con e-parent\" data-id=\"dfb5507\" data-element_type=\"container\" data-e-type=\"container\">\n\t\t\t\t\t<div class=\"e-con-inner\">\n\t\t\t\t<div class=\"elementor-element elementor-element-42727b8 elementor-widget elementor-widget-heading\" data-id=\"42727b8\" data-element_type=\"widget\" data-e-type=\"widget\" data-widget_type=\"heading.default\">\n\t\t\t\t<div class=\"elementor-widget-container\">\n\t\t\t\t\t<h2 class=\"elementor-heading-title elementor-size-default\">Nos Accessoires<\/h2>\t\t\t\t<\/div>\n\t\t\t\t<\/div>\n\t\t\t\t<div class=\"elementor-element elementor-element-4b2e154 elementor-widget elementor-widget-shortcode\" data-id=\"4b2e154\" data-element_type=\"widget\" data-e-type=\"widget\" data-widget_type=\"shortcode.default\">\n\t\t\t\t<div class=\"elementor-widget-container\">\n\t\t\t\t\t\t\t<div class=\"elementor-shortcode\"><div class=\"woocommerce columns-3 \">\r\n<ul class=\"products oceanwp-row clr grid tablet-col tablet-2-col mobile-col mobile-1-col\">\r\n<li class=\"entry has-media col span_1_of_3 owp-content-center owp-thumbs-layout-horizontal owp-btn-normal owp-tabs-layout-horizontal product type-product post-678 status-publish first instock product_cat-accessoires has-post-thumbnail shipping-taxable purchasable product-type-simple\">\n\t<div class=\"product-inner clr\">\r\n\t<div class=\"woo-entry-image-swap woo-entry-image clr\">\r\n\t\t<a href=\"https:\/\/pureherbcbd.com\/?product=muta-fridge-pro-muta\" class=\"woocommerce-LoopProduct-link\"><img fetchpriority=\"high\" decoding=\"async\" width=\"300\" height=\"300\" src=\"https:\/\/pureherbcbd.com\/wp-content\/uploads\/2026\/02\/Pro-muta-300x300.webp\" class=\"woo-entry-image-main\" alt=\"Muta fridge Pro Muta\" itemprop=\"image\" srcset=\"https:\/\/pureherbcbd.com\/wp-content\/uploads\/2026\/02\/Pro-muta-300x300.webp 300w, https:\/\/pureherbcbd.com\/wp-content\/uploads\/2026\/02\/Pro-muta-150x150.webp 150w, https:\/\/pureherbcbd.com\/wp-content\/uploads\/2026\/02\/Pro-muta-768x768.webp 768w, https:\/\/pureherbcbd.com\/wp-content\/uploads\/2026\/02\/Pro-muta-600x600.webp 600w, https:\/\/pureherbcbd.com\/wp-content\/uploads\/2026\/02\/Pro-muta-100x100.webp 100w, https:\/\/pureherbcbd.com\/wp-content\/uploads\/2026\/02\/Pro-muta.webp 990w\" sizes=\"(max-width: 300px) 100vw, 300px\" \/><img decoding=\"async\" width=\"300\" height=\"300\" src=\"https:\/\/pureherbcbd.com\/wp-content\/uploads\/2026\/02\/Por-muta-2-300x300.webp\" class=\"woo-entry-image-secondary\" alt=\"Muta fridge Pro Muta\" itemprop=\"image\" srcset=\"https:\/\/pureherbcbd.com\/wp-content\/uploads\/2026\/02\/Por-muta-2-300x300.webp 300w, https:\/\/pureherbcbd.com\/wp-content\/uploads\/2026\/02\/Por-muta-2-150x150.webp 150w, https:\/\/pureherbcbd.com\/wp-content\/uploads\/2026\/02\/Por-muta-2-768x768.webp 768w, https:\/\/pureherbcbd.com\/wp-content\/uploads\/2026\/02\/Por-muta-2-600x600.webp 600w, https:\/\/pureherbcbd.com\/wp-content\/uploads\/2026\/02\/Por-muta-2-100x100.webp 100w, https:\/\/pureherbcbd.com\/wp-content\/uploads\/2026\/02\/Por-muta-2.webp 990w\" sizes=\"(max-width: 300px) 100vw, 300px\" \/><\/a><a href=\"#\" id=\"product_id_678\" class=\"owp-quick-view\" data-product_id=\"678\" aria-label=\"Pr\u00e9visualiser rapidement le produit Muta fridge Pro Muta\"><i class=\" icon-eye\" aria-hidden=\"true\" role=\"img\"><\/i> Vue rapide<\/a>\t<\/div><!-- .woo-entry-image-swap -->\r\n\r\n<ul class=\"woo-entry-inner clr\"><li class=\"image-wrap\">\r\n\t<div class=\"woo-entry-image-swap woo-entry-image clr\">\r\n\t\t<a href=\"https:\/\/pureherbcbd.com\/?product=muta-fridge-pro-muta\" class=\"woocommerce-LoopProduct-link\"><img fetchpriority=\"high\" decoding=\"async\" width=\"300\" height=\"300\" src=\"https:\/\/pureherbcbd.com\/wp-content\/uploads\/2026\/02\/Pro-muta-300x300.webp\" class=\"woo-entry-image-main\" alt=\"Muta fridge Pro Muta\" itemprop=\"image\" srcset=\"https:\/\/pureherbcbd.com\/wp-content\/uploads\/2026\/02\/Pro-muta-300x300.webp 300w, https:\/\/pureherbcbd.com\/wp-content\/uploads\/2026\/02\/Pro-muta-150x150.webp 150w, https:\/\/pureherbcbd.com\/wp-content\/uploads\/2026\/02\/Pro-muta-768x768.webp 768w, https:\/\/pureherbcbd.com\/wp-content\/uploads\/2026\/02\/Pro-muta-600x600.webp 600w, https:\/\/pureherbcbd.com\/wp-content\/uploads\/2026\/02\/Pro-muta-100x100.webp 100w, https:\/\/pureherbcbd.com\/wp-content\/uploads\/2026\/02\/Pro-muta.webp 990w\" sizes=\"(max-width: 300px) 100vw, 300px\" \/><img decoding=\"async\" width=\"300\" height=\"300\" src=\"https:\/\/pureherbcbd.com\/wp-content\/uploads\/2026\/02\/Por-muta-2-300x300.webp\" class=\"woo-entry-image-secondary\" alt=\"Muta fridge Pro Muta\" itemprop=\"image\" srcset=\"https:\/\/pureherbcbd.com\/wp-content\/uploads\/2026\/02\/Por-muta-2-300x300.webp 300w, https:\/\/pureherbcbd.com\/wp-content\/uploads\/2026\/02\/Por-muta-2-150x150.webp 150w, https:\/\/pureherbcbd.com\/wp-content\/uploads\/2026\/02\/Por-muta-2-768x768.webp 768w, https:\/\/pureherbcbd.com\/wp-content\/uploads\/2026\/02\/Por-muta-2-600x600.webp 600w, https:\/\/pureherbcbd.com\/wp-content\/uploads\/2026\/02\/Por-muta-2-100x100.webp 100w, https:\/\/pureherbcbd.com\/wp-content\/uploads\/2026\/02\/Por-muta-2.webp 990w\" sizes=\"(max-width: 300px) 100vw, 300px\" \/><\/a><a href=\"#\" id=\"product_id_678\" class=\"owp-quick-view\" data-product_id=\"678\" aria-label=\"Pr\u00e9visualiser rapidement le produit Muta fridge Pro Muta\"><i class=\" icon-eye\" aria-hidden=\"true\" role=\"img\"><\/i> Vue rapide<\/a>\t<\/div><!-- .woo-entry-image-swap -->\r\n\r\n<\/li><li class=\"category\"><a href=\"https:\/\/pureherbcbd.com\/?product_cat=accessoires\" rel=\"tag\">Accessoires<\/a><\/li><li class=\"title\"><h2><a href=\"https:\/\/pureherbcbd.com\/?product=muta-fridge-pro-muta\">Muta fridge Pro Muta<\/a><\/h2><\/li><li class=\"price-wrap\">\n\t<span class=\"price\"><span class=\"woocommerce-Price-amount amount\"><bdi>330,00&nbsp;<span class=\"woocommerce-Price-currencySymbol\">&euro;<\/span><\/bdi><\/span><\/span>\n<\/li><li class=\"rating\"><\/li><li class=\"btn-wrap clr\"><a href=\"\/index.php?rest_route=%2Fwp%2Fv2%2Fpages%2F254&#038;add-to-cart=678\" aria-describedby=\"woocommerce_loop_add_to_cart_link_describedby_678\" data-quantity=\"1\" class=\"button product_type_simple add_to_cart_button ajax_add_to_cart\" data-product_id=\"678\" data-product_sku=\"\" aria-label=\"Ajouter au panier\u00a0: &ldquo;Muta fridge Pro Muta&rdquo;\" rel=\"nofollow\" data-success_message=\"\u00ab\u00a0Muta fridge Pro Muta\u00a0\u00bb a \u00e9t\u00e9 ajout\u00e9 \u00e0 votre panier\" role=\"button\">Ajouter au panier<\/a>\t<span id=\"woocommerce_loop_add_to_cart_link_describedby_678\" class=\"screen-reader-text\">\n\t\t\t<\/span>\n<\/li><\/ul><\/div><!-- .product-inner .clr --><\/li>\n<li class=\"entry has-media col span_1_of_3 owp-content-center owp-thumbs-layout-horizontal owp-btn-normal owp-tabs-layout-horizontal has-no-thumbnails product type-product post-638 status-publish instock product_cat-accessoires has-post-thumbnail shipping-taxable purchasable product-type-simple\">\n\t<div class=\"product-inner clr\">\r\n\t<div class=\"woo-entry-image clr\">\r\n\t\t<a href=\"https:\/\/pureherbcbd.com\/?product=volcano-classic-onyx\" class=\"woocommerce-LoopProduct-link\"><img decoding=\"async\" width=\"300\" height=\"300\" src=\"https:\/\/pureherbcbd.com\/wp-content\/uploads\/2025\/09\/volcano_classic_onyx_0000_01-01_01-1-300x300.jpg\" class=\"woo-entry-image-main\" alt=\"VOLCANO CLASSIC Onyx\" itemprop=\"image\" srcset=\"https:\/\/pureherbcbd.com\/wp-content\/uploads\/2025\/09\/volcano_classic_onyx_0000_01-01_01-1-300x300.jpg 300w, https:\/\/pureherbcbd.com\/wp-content\/uploads\/2025\/09\/volcano_classic_onyx_0000_01-01_01-1-150x150.jpg 150w, https:\/\/pureherbcbd.com\/wp-content\/uploads\/2025\/09\/volcano_classic_onyx_0000_01-01_01-1-600x600.jpg 600w, https:\/\/pureherbcbd.com\/wp-content\/uploads\/2025\/09\/volcano_classic_onyx_0000_01-01_01-1-100x100.jpg 100w, https:\/\/pureherbcbd.com\/wp-content\/uploads\/2025\/09\/volcano_classic_onyx_0000_01-01_01-1.jpg 700w\" sizes=\"(max-width: 300px) 100vw, 300px\" \/><\/a><a href=\"#\" id=\"product_id_638\" class=\"owp-quick-view\" data-product_id=\"638\" aria-label=\"Pr\u00e9visualiser rapidement le produit VOLCANO CLASSIC Onyx\"><i class=\" icon-eye\" aria-hidden=\"true\" role=\"img\"><\/i> Vue rapide<\/a>\t<\/div><!-- .woo-entry-image -->\r\n\r\n<ul class=\"woo-entry-inner clr\"><li class=\"image-wrap\">\r\n\t<div class=\"woo-entry-image clr\">\r\n\t\t<a href=\"https:\/\/pureherbcbd.com\/?product=volcano-classic-onyx\" class=\"woocommerce-LoopProduct-link\"><img decoding=\"async\" width=\"300\" height=\"300\" src=\"https:\/\/pureherbcbd.com\/wp-content\/uploads\/2025\/09\/volcano_classic_onyx_0000_01-01_01-1-300x300.jpg\" class=\"woo-entry-image-main\" alt=\"VOLCANO CLASSIC Onyx\" itemprop=\"image\" srcset=\"https:\/\/pureherbcbd.com\/wp-content\/uploads\/2025\/09\/volcano_classic_onyx_0000_01-01_01-1-300x300.jpg 300w, https:\/\/pureherbcbd.com\/wp-content\/uploads\/2025\/09\/volcano_classic_onyx_0000_01-01_01-1-150x150.jpg 150w, https:\/\/pureherbcbd.com\/wp-content\/uploads\/2025\/09\/volcano_classic_onyx_0000_01-01_01-1-600x600.jpg 600w, https:\/\/pureherbcbd.com\/wp-content\/uploads\/2025\/09\/volcano_classic_onyx_0000_01-01_01-1-100x100.jpg 100w, https:\/\/pureherbcbd.com\/wp-content\/uploads\/2025\/09\/volcano_classic_onyx_0000_01-01_01-1.jpg 700w\" sizes=\"(max-width: 300px) 100vw, 300px\" \/><\/a><a href=\"#\" id=\"product_id_638\" class=\"owp-quick-view\" data-product_id=\"638\" aria-label=\"Pr\u00e9visualiser rapidement le produit VOLCANO CLASSIC Onyx\"><i class=\" icon-eye\" aria-hidden=\"true\" role=\"img\"><\/i> Vue rapide<\/a>\t<\/div><!-- .woo-entry-image -->\r\n\r\n<\/li><li class=\"category\"><a href=\"https:\/\/pureherbcbd.com\/?product_cat=accessoires\" rel=\"tag\">Accessoires<\/a><\/li><li class=\"title\"><h2><a href=\"https:\/\/pureherbcbd.com\/?product=volcano-classic-onyx\">VOLCANO CLASSIC Onyx<\/a><\/h2><\/li><li class=\"price-wrap\">\n\t<span class=\"price\"><span class=\"woocommerce-Price-amount amount\"><bdi>350,00&nbsp;<span class=\"woocommerce-Price-currencySymbol\">&euro;<\/span><\/bdi><\/span><\/span>\n<\/li><li class=\"rating\"><\/li><li class=\"btn-wrap clr\"><a href=\"\/index.php?rest_route=%2Fwp%2Fv2%2Fpages%2F254&#038;add-to-cart=638\" aria-describedby=\"woocommerce_loop_add_to_cart_link_describedby_638\" data-quantity=\"1\" class=\"button product_type_simple add_to_cart_button ajax_add_to_cart\" data-product_id=\"638\" data-product_sku=\"\" aria-label=\"Ajouter au panier\u00a0: &ldquo;VOLCANO CLASSIC Onyx&rdquo;\" rel=\"nofollow\" data-success_message=\"\u00ab\u00a0VOLCANO CLASSIC Onyx\u00a0\u00bb a \u00e9t\u00e9 ajout\u00e9 \u00e0 votre panier\" role=\"button\">Ajouter au panier<\/a>\t<span id=\"woocommerce_loop_add_to_cart_link_describedby_638\" class=\"screen-reader-text\">\n\t\t\t<\/span>\n<\/li><\/ul><\/div><!-- .product-inner .clr --><\/li>\n<li class=\"entry has-media col span_1_of_3 owp-content-center owp-thumbs-layout-horizontal owp-btn-normal owp-tabs-layout-horizontal product type-product post-596 status-publish last instock product_cat-accessoires has-post-thumbnail shipping-taxable purchasable product-type-simple\">\n\t<div class=\"product-inner clr\">\r\n\t<div class=\"woo-entry-image-swap woo-entry-image clr\">\r\n\t\t<a href=\"https:\/\/pureherbcbd.com\/?product=volcano-hybrid-onyx\" class=\"woocommerce-LoopProduct-link\"><img loading=\"lazy\" decoding=\"async\" width=\"300\" height=\"300\" src=\"https:\/\/pureherbcbd.com\/wp-content\/uploads\/2025\/09\/01-01_01_4-1-300x300.jpg\" class=\"woo-entry-image-main\" alt=\"VOLCANO HYBRID Onyx\" itemprop=\"image\" srcset=\"https:\/\/pureherbcbd.com\/wp-content\/uploads\/2025\/09\/01-01_01_4-1-300x300.jpg 300w, https:\/\/pureherbcbd.com\/wp-content\/uploads\/2025\/09\/01-01_01_4-1-150x150.jpg 150w, https:\/\/pureherbcbd.com\/wp-content\/uploads\/2025\/09\/01-01_01_4-1-e1758678420552.jpg 600w, https:\/\/pureherbcbd.com\/wp-content\/uploads\/2025\/09\/01-01_01_4-1-100x100.jpg 100w\" sizes=\"(max-width: 300px) 100vw, 300px\" \/><img loading=\"lazy\" decoding=\"async\" width=\"300\" height=\"300\" src=\"https:\/\/pureherbcbd.com\/wp-content\/uploads\/2025\/09\/01-00_01_1_2-2-300x300.jpg\" class=\"woo-entry-image-secondary\" alt=\"VOLCANO HYBRID Onyx\" itemprop=\"image\" srcset=\"https:\/\/pureherbcbd.com\/wp-content\/uploads\/2025\/09\/01-00_01_1_2-2-300x300.jpg 300w, https:\/\/pureherbcbd.com\/wp-content\/uploads\/2025\/09\/01-00_01_1_2-2-150x150.jpg 150w, https:\/\/pureherbcbd.com\/wp-content\/uploads\/2025\/09\/01-00_01_1_2-2-600x600.jpg 600w, https:\/\/pureherbcbd.com\/wp-content\/uploads\/2025\/09\/01-00_01_1_2-2-100x100.jpg 100w, https:\/\/pureherbcbd.com\/wp-content\/uploads\/2025\/09\/01-00_01_1_2-2.jpg 700w\" sizes=\"(max-width: 300px) 100vw, 300px\" \/><\/a><a href=\"#\" id=\"product_id_596\" class=\"owp-quick-view\" data-product_id=\"596\" aria-label=\"Pr\u00e9visualiser rapidement le produit VOLCANO HYBRID Onyx\"><i class=\" icon-eye\" aria-hidden=\"true\" role=\"img\"><\/i> Vue rapide<\/a>\t<\/div><!-- .woo-entry-image-swap -->\r\n\r\n<ul class=\"woo-entry-inner clr\"><li class=\"image-wrap\">\r\n\t<div class=\"woo-entry-image-swap woo-entry-image clr\">\r\n\t\t<a href=\"https:\/\/pureherbcbd.com\/?product=volcano-hybrid-onyx\" class=\"woocommerce-LoopProduct-link\"><img loading=\"lazy\" decoding=\"async\" width=\"300\" height=\"300\" src=\"https:\/\/pureherbcbd.com\/wp-content\/uploads\/2025\/09\/01-01_01_4-1-300x300.jpg\" class=\"woo-entry-image-main\" alt=\"VOLCANO HYBRID Onyx\" itemprop=\"image\" srcset=\"https:\/\/pureherbcbd.com\/wp-content\/uploads\/2025\/09\/01-01_01_4-1-300x300.jpg 300w, https:\/\/pureherbcbd.com\/wp-content\/uploads\/2025\/09\/01-01_01_4-1-150x150.jpg 150w, https:\/\/pureherbcbd.com\/wp-content\/uploads\/2025\/09\/01-01_01_4-1-e1758678420552.jpg 600w, https:\/\/pureherbcbd.com\/wp-content\/uploads\/2025\/09\/01-01_01_4-1-100x100.jpg 100w\" sizes=\"(max-width: 300px) 100vw, 300px\" \/><img loading=\"lazy\" decoding=\"async\" width=\"300\" height=\"300\" src=\"https:\/\/pureherbcbd.com\/wp-content\/uploads\/2025\/09\/01-00_01_1_2-2-300x300.jpg\" class=\"woo-entry-image-secondary\" alt=\"VOLCANO HYBRID Onyx\" itemprop=\"image\" srcset=\"https:\/\/pureherbcbd.com\/wp-content\/uploads\/2025\/09\/01-00_01_1_2-2-300x300.jpg 300w, https:\/\/pureherbcbd.com\/wp-content\/uploads\/2025\/09\/01-00_01_1_2-2-150x150.jpg 150w, https:\/\/pureherbcbd.com\/wp-content\/uploads\/2025\/09\/01-00_01_1_2-2-600x600.jpg 600w, https:\/\/pureherbcbd.com\/wp-content\/uploads\/2025\/09\/01-00_01_1_2-2-100x100.jpg 100w, https:\/\/pureherbcbd.com\/wp-content\/uploads\/2025\/09\/01-00_01_1_2-2.jpg 700w\" sizes=\"(max-width: 300px) 100vw, 300px\" \/><\/a><a href=\"#\" id=\"product_id_596\" class=\"owp-quick-view\" data-product_id=\"596\" aria-label=\"Pr\u00e9visualiser rapidement le produit VOLCANO HYBRID Onyx\"><i class=\" icon-eye\" aria-hidden=\"true\" role=\"img\"><\/i> Vue rapide<\/a>\t<\/div><!-- .woo-entry-image-swap -->\r\n\r\n<\/li><li class=\"category\"><a href=\"https:\/\/pureherbcbd.com\/?product_cat=accessoires\" rel=\"tag\">Accessoires<\/a><\/li><li class=\"title\"><h2><a href=\"https:\/\/pureherbcbd.com\/?product=volcano-hybrid-onyx\">VOLCANO HYBRID Onyx<\/a><\/h2><\/li><li class=\"price-wrap\">\n\t<span class=\"price\"><span class=\"woocommerce-Price-amount amount\"><bdi>520,00&nbsp;<span class=\"woocommerce-Price-currencySymbol\">&euro;<\/span><\/bdi><\/span><\/span>\n<\/li><li class=\"rating\"><\/li><li class=\"btn-wrap clr\"><a href=\"\/index.php?rest_route=%2Fwp%2Fv2%2Fpages%2F254&#038;add-to-cart=596\" aria-describedby=\"woocommerce_loop_add_to_cart_link_describedby_596\" data-quantity=\"1\" class=\"button product_type_simple add_to_cart_button ajax_add_to_cart\" data-product_id=\"596\" data-product_sku=\"\" aria-label=\"Ajouter au panier\u00a0: &ldquo;VOLCANO HYBRID Onyx&rdquo;\" rel=\"nofollow\" data-success_message=\"\u00ab\u00a0VOLCANO HYBRID Onyx\u00a0\u00bb a \u00e9t\u00e9 ajout\u00e9 \u00e0 votre panier\" role=\"button\">Ajouter au panier<\/a>\t<span id=\"woocommerce_loop_add_to_cart_link_describedby_596\" class=\"screen-reader-text\">\n\t\t\t<\/span>\n<\/li><\/ul><\/div><!-- .product-inner .clr --><\/li>\n<\/ul>\n<\/div><\/div>\n\t\t\t\t\t\t<\/div>\n\t\t\t\t<\/div>\n\t\t\t\t\t<\/div>\n\t\t\t\t<\/div>\n\t\t\t\t<\/div>\n\t\t","protected":false},"excerpt":{"rendered":"<p>Nos Accessoires<\/p>\n","protected":false},"author":1,"featured_media":0,"parent":0,"menu_order":0,"comment_status":"closed","ping_status":"closed","template":"","meta":{"ocean_post_layout":"","ocean_both_sidebars_style":"","ocean_both_sidebars_content_width":0,"ocean_both_sidebars_sidebars_width":0,"ocean_sidebar":"","ocean_second_sidebar":"","ocean_disable_margins":"enable","ocean_add_body_class":"","ocean_shortcode_before_top_bar":"","ocean_shortcode_after_top_bar":"","ocean_shortcode_before_header":"","ocean_shortcode_after_header":"","ocean_has_shortcode":"","ocean_shortcode_after_title":"","ocean_shortcode_before_footer_widgets":"","ocean_shortcode_after_footer_widgets":"","ocean_shortcode_before_footer_bottom":"","ocean_shortcode_after_footer_bottom":"","ocean_display_top_bar":"default","ocean_display_header":"default","ocean_header_style":"","ocean_center_header_left_menu":"","ocean_custom_header_template":"","ocean_custom_logo":0,"ocean_custom_retina_logo":0,"ocean_custom_logo_max_width":0,"ocean_custom_logo_tablet_max_width":0,"ocean_custom_logo_mobile_max_width":0,"ocean_custom_logo_max_height":0,"ocean_custom_logo_tablet_max_height":0,"ocean_custom_logo_mobile_max_height":0,"ocean_header_custom_menu":"","ocean_menu_typo_font_family":"","ocean_menu_typo_font_subset":"","ocean_menu_typo_font_size":0,"ocean_menu_typo_font_size_tablet":0,"ocean_menu_typo_font_size_mobile":0,"ocean_menu_typo_font_size_unit":"px","ocean_menu_typo_font_weight":"","ocean_menu_typo_font_weight_tablet":"","ocean_menu_typo_font_weight_mobile":"","ocean_menu_typo_transform":"","ocean_menu_typo_transform_tablet":"","ocean_menu_typo_transform_mobile":"","ocean_menu_typo_line_height":0,"ocean_menu_typo_line_height_tablet":0,"ocean_menu_typo_line_height_mobile":0,"ocean_menu_typo_line_height_unit":"","ocean_menu_typo_spacing":0,"ocean_menu_typo_spacing_tablet":0,"ocean_menu_typo_spacing_mobile":0,"ocean_menu_typo_spacing_unit":"","ocean_menu_link_color":"","ocean_menu_link_color_hover":"","ocean_menu_link_color_active":"","ocean_menu_link_background":"","ocean_menu_link_hover_background":"","ocean_menu_link_active_background":"","ocean_menu_social_links_bg":"","ocean_menu_social_hover_links_bg":"","ocean_menu_social_links_color":"","ocean_menu_social_hover_links_color":"","ocean_disable_title":"default","ocean_disable_heading":"default","ocean_post_title":"","ocean_post_subheading":"","ocean_post_title_style":"","ocean_post_title_background_color":"","ocean_post_title_background":0,"ocean_post_title_bg_image_position":"","ocean_post_title_bg_image_attachment":"","ocean_post_title_bg_image_repeat":"","ocean_post_title_bg_image_size":"","ocean_post_title_height":0,"ocean_post_title_bg_overlay":0.5,"ocean_post_title_bg_overlay_color":"","ocean_disable_breadcrumbs":"default","ocean_breadcrumbs_color":"","ocean_breadcrumbs_separator_color":"","ocean_breadcrumbs_links_color":"","ocean_breadcrumbs_links_hover_color":"","ocean_display_footer_widgets":"default","ocean_display_footer_bottom":"default","ocean_custom_footer_template":"","footnotes":""},"class_list":["post-254","page","type-page","status-publish","hentry","entry","owp-thumbs-layout-horizontal","owp-btn-normal","owp-tabs-layout-horizontal","has-no-thumbnails"],"yoast_head":"<!-- This site is optimized with the Yoast SEO plugin v27.4 - https:\/\/yoast.com\/product\/yoast-seo-wordpress\/ -->\n<title>Accessoires I PureHerb CBD - Pure Herb CBD | Huiles, Fleurs et R\u00e9sines Premium pour Bien-\u00eatre<\/title>\n<meta name=\"robots\" content=\"index, follow, max-snippet:-1, max-image-preview:large, max-video-preview:-1\" \/>\n<link rel=\"canonical\" href=\"https:\/\/pureherbcbd.com\/?page_id=254\" \/>\n<meta property=\"og:locale\" content=\"fr_FR\" \/>\n<meta property=\"og:type\" content=\"article\" \/>\n<meta property=\"og:title\" content=\"Accessoires I PureHerb CBD - Pure Herb CBD | Huiles, Fleurs et R\u00e9sines Premium pour Bien-\u00eatre\" \/>\n<meta property=\"og:description\" content=\"Nos Accessoires\" \/>\n<meta property=\"og:url\" content=\"https:\/\/pureherbcbd.com\/?page_id=254\" \/>\n<meta property=\"og:site_name\" content=\"Pure Herb CBD | Huiles, Fleurs et R\u00e9sines Premium pour Bien-\u00eatre\" \/>\n<meta property=\"article:modified_time\" content=\"2025-09-06T15:40:33+00:00\" \/>\n<meta name=\"twitter:card\" content=\"summary_large_image\" \/>\n<meta name=\"twitter:label1\" content=\"Dur\u00e9e de lecture estim\u00e9e\" \/>\n\t<meta name=\"twitter:data1\" content=\"1 minute\" \/>\n<script type=\"application\/ld+json\" class=\"yoast-schema-graph\">{\"@context\":\"https:\\\/\\\/schema.org\",\"@graph\":[{\"@type\":\"WebPage\",\"@id\":\"https:\\\/\\\/pureherbcbd.com\\\/?page_id=254\",\"url\":\"https:\\\/\\\/pureherbcbd.com\\\/?page_id=254\",\"name\":\"Accessoires I PureHerb CBD - Pure Herb CBD | Huiles, Fleurs et R\u00e9sines Premium pour Bien-\u00eatre\",\"isPartOf\":{\"@id\":\"https:\\\/\\\/pureherbcbd.com\\\/#website\"},\"datePublished\":\"2024-12-15T21:27:30+00:00\",\"dateModified\":\"2025-09-06T15:40:33+00:00\",\"breadcrumb\":{\"@id\":\"https:\\\/\\\/pureherbcbd.com\\\/?page_id=254#breadcrumb\"},\"inLanguage\":\"fr-FR\",\"potentialAction\":[{\"@type\":\"ReadAction\",\"target\":[\"https:\\\/\\\/pureherbcbd.com\\\/?page_id=254\"]}]},{\"@type\":\"BreadcrumbList\",\"@id\":\"https:\\\/\\\/pureherbcbd.com\\\/?page_id=254#breadcrumb\",\"itemListElement\":[{\"@type\":\"ListItem\",\"position\":1,\"name\":\"Accueil\",\"item\":\"https:\\\/\\\/pureherbcbd.com\\\/\"},{\"@type\":\"ListItem\",\"position\":2,\"name\":\"Accessoires I PureHerb CBD\"}]},{\"@type\":\"WebSite\",\"@id\":\"https:\\\/\\\/pureherbcbd.com\\\/#website\",\"url\":\"https:\\\/\\\/pureherbcbd.com\\\/\",\"name\":\"PureHerb CBD\",\"description\":\"CBD\",\"publisher\":{\"@id\":\"https:\\\/\\\/pureherbcbd.com\\\/#organization\"},\"potentialAction\":[{\"@type\":\"SearchAction\",\"target\":{\"@type\":\"EntryPoint\",\"urlTemplate\":\"https:\\\/\\\/pureherbcbd.com\\\/?s={search_term_string}\"},\"query-input\":{\"@type\":\"PropertyValueSpecification\",\"valueRequired\":true,\"valueName\":\"search_term_string\"}}],\"inLanguage\":\"fr-FR\"},{\"@type\":\"Organization\",\"@id\":\"https:\\\/\\\/pureherbcbd.com\\\/#organization\",\"name\":\"PureHerb CBD\",\"url\":\"https:\\\/\\\/pureherbcbd.com\\\/\",\"logo\":{\"@type\":\"ImageObject\",\"inLanguage\":\"fr-FR\",\"@id\":\"https:\\\/\\\/pureherbcbd.com\\\/#\\\/schema\\\/logo\\\/image\\\/\",\"url\":\"https:\\\/\\\/pureherbcbd.com\\\/wp-content\\\/uploads\\\/2024\\\/12\\\/cropped-YO0zG-a3T8CTm3kgHrHKVw-1.png\",\"contentUrl\":\"https:\\\/\\\/pureherbcbd.com\\\/wp-content\\\/uploads\\\/2024\\\/12\\\/cropped-YO0zG-a3T8CTm3kgHrHKVw-1.png\",\"width\":1310,\"height\":443,\"caption\":\"PureHerb CBD\"},\"image\":{\"@id\":\"https:\\\/\\\/pureherbcbd.com\\\/#\\\/schema\\\/logo\\\/image\\\/\"}}]}<\/script>\n<!-- \/ Yoast SEO plugin. -->","yoast_head_json":{"title":"Accessoires I PureHerb CBD - Pure Herb CBD | Huiles, Fleurs et R\u00e9sines Premium pour Bien-\u00eatre","robots":{"index":"index","follow":"follow","max-snippet":"max-snippet:-1","max-image-preview":"max-image-preview:large","max-video-preview":"max-video-preview:-1"},"canonical":"https:\/\/pureherbcbd.com\/?page_id=254","og_locale":"fr_FR","og_type":"article","og_title":"Accessoires I PureHerb CBD - Pure Herb CBD | Huiles, Fleurs et R\u00e9sines Premium pour Bien-\u00eatre","og_description":"Nos Accessoires","og_url":"https:\/\/pureherbcbd.com\/?page_id=254","og_site_name":"Pure Herb CBD | Huiles, Fleurs et R\u00e9sines Premium pour Bien-\u00eatre","article_modified_time":"2025-09-06T15:40:33+00:00","twitter_card":"summary_large_image","twitter_misc":{"Dur\u00e9e de lecture estim\u00e9e":"1 minute"},"schema":{"@context":"https:\/\/schema.org","@graph":[{"@type":"WebPage","@id":"https:\/\/pureherbcbd.com\/?page_id=254","url":"https:\/\/pureherbcbd.com\/?page_id=254","name":"Accessoires I PureHerb CBD - Pure Herb CBD | Huiles, Fleurs et R\u00e9sines Premium pour Bien-\u00eatre","isPartOf":{"@id":"https:\/\/pureherbcbd.com\/#website"},"datePublished":"2024-12-15T21:27:30+00:00","dateModified":"2025-09-06T15:40:33+00:00","breadcrumb":{"@id":"https:\/\/pureherbcbd.com\/?page_id=254#breadcrumb"},"inLanguage":"fr-FR","potentialAction":[{"@type":"ReadAction","target":["https:\/\/pureherbcbd.com\/?page_id=254"]}]},{"@type":"BreadcrumbList","@id":"https:\/\/pureherbcbd.com\/?page_id=254#breadcrumb","itemListElement":[{"@type":"ListItem","position":1,"name":"Accueil","item":"https:\/\/pureherbcbd.com\/"},{"@type":"ListItem","position":2,"name":"Accessoires I PureHerb CBD"}]},{"@type":"WebSite","@id":"https:\/\/pureherbcbd.com\/#website","url":"https:\/\/pureherbcbd.com\/","name":"PureHerb CBD","description":"CBD","publisher":{"@id":"https:\/\/pureherbcbd.com\/#organization"},"potentialAction":[{"@type":"SearchAction","target":{"@type":"EntryPoint","urlTemplate":"https:\/\/pureherbcbd.com\/?s={search_term_string}"},"query-input":{"@type":"PropertyValueSpecification","valueRequired":true,"valueName":"search_term_string"}}],"inLanguage":"fr-FR"},{"@type":"Organization","@id":"https:\/\/pureherbcbd.com\/#organization","name":"PureHerb CBD","url":"https:\/\/pureherbcbd.com\/","logo":{"@type":"ImageObject","inLanguage":"fr-FR","@id":"https:\/\/pureherbcbd.com\/#\/schema\/logo\/image\/","url":"https:\/\/pureherbcbd.com\/wp-content\/uploads\/2024\/12\/cropped-YO0zG-a3T8CTm3kgHrHKVw-1.png","contentUrl":"https:\/\/pureherbcbd.com\/wp-content\/uploads\/2024\/12\/cropped-YO0zG-a3T8CTm3kgHrHKVw-1.png","width":1310,"height":443,"caption":"PureHerb CBD"},"image":{"@id":"https:\/\/pureherbcbd.com\/#\/schema\/logo\/image\/"}}]}},"_links":{"self":[{"href":"https:\/\/pureherbcbd.com\/index.php?rest_route=\/wp\/v2\/pages\/254","targetHints":{"allow":["GET"]}}],"collection":[{"href":"https:\/\/pureherbcbd.com\/index.php?rest_route=\/wp\/v2\/pages"}],"about":[{"href":"https:\/\/pureherbcbd.com\/index.php?rest_route=\/wp\/v2\/types\/page"}],"author":[{"embeddable":true,"href":"https:\/\/pureherbcbd.com\/index.php?rest_route=\/wp\/v2\/users\/1"}],"replies":[{"embeddable":true,"href":"https:\/\/pureherbcbd.com\/index.php?rest_route=%2Fwp%2Fv2%2Fcomments&post=254"}],"version-history":[{"count":5,"href":"https:\/\/pureherbcbd.com\/index.php?rest_route=\/wp\/v2\/pages\/254\/revisions"}],"predecessor-version":[{"id":585,"href":"https:\/\/pureherbcbd.com\/index.php?rest_route=\/wp\/v2\/pages\/254\/revisions\/585"}],"wp:attachment":[{"href":"https:\/\/pureherbcbd.com\/index.php?rest_route=%2Fwp%2Fv2%2Fmedia&parent=254"}],"curies":[{"name":"wp","href":"https:\/\/api.w.org\/{rel}","templated":true}]}}